15) in base 8?
11712746
70d14 (base 16) to base 9
773784
Convert -21021121222021 (base 3) to base 13.
-a567ab
-123010 (base 9) to base 14
-1d15d
Convert -1110100110110010 (base 2) to base 8.
-164662
What is 13550435 (base 7) in base 16?
136bb0
Convert -2213223 (base 6) to base 15.
-22cd0
Convert -2405156 (base 7) to base 9.
-513415
11100010001001000 (base 2) to base 12
57008
What is 99b83 (base 12) in base 10?
203859
-1956053 (base 10) to base 8
-7354325
-65a348 (base 11) to base 3
-1222111202202
Convert -211010000 (base 4) to base 5.
-14324213
44696 (base 15) to base 5
23424431
39a09 (base 13) to base 3
12102222201
1414301 (base 5) to base 14
a98a
Convert 13224130 (base 5) to base 10.
133040
What is 32b6 (base 13) in base 14?
2818
What is 42640a5 (base 11) in base 13?
1728647
Convert -1bd475 (base 15) to base 8.
-5142357
Convert -10866618 (base 9) to base 3.
-100222020200122
What is 6265671 (base 8) in base 14?
3151c5
Convert 320002313 (base 4) to base 6.
4530435
1a15a5 (base 11) to base 4
1023210020
What is 110100110110010000 (base 2) in base 8?
646620
Convert 418039 (base 10) to base 13.
11837b
Convert 134201 (base 8) to base 10.
47233
-1110001001011100 (base 2) to base 14
-17192
What is -3c8bca (base 13) in base 2?
-101101000011001110100
3e3b8 (base 16) to base 8
761670
Convert 60249 (base 13) to base 2.
101001111011110101
Convert 1334b7 (base 14) to base 2.
10100001101011101001
What is 23032102021 (base 4) in base 12?
b9a721
-2404743 (base 8) to base 15
-cede6
54553540 (base 6) to base 14
306d24
What is beab (base 16) in base 5?
3030221
What is 5819d7 (base 14) in base 7?
34336460
What is -1634 (base 11) in base 14?
-a98
Convert -646376 (base 8) to base 6.
-4345250
What is 2664003 (base 7) in base 4?
1111322301
1189b4 (base 12) to base 4
1011202120
What is 657463 (base 9) in base 16?
5fd87
What is -20015 (base 6) in base 2?
-101000101011
What is 45215432 (base 7) in base 13?
a73558
14190 (base 15) to base 11
444a3
What is -21022210002 (base 3) in base 11?
-99365
What is -145343 (base 11) in base 9?
-374846
Convert -402059 (base 10) to base 7.
-3263120
-2565759 (base 10) to base 2
-1001110010011001111111
1101101010 (base 4) to base 11
2080a8
What is 211200400 (base 5) in base 8?
3271306
Convert -3040322 (base 5) to base 3.
-2111211221
What is 45582 (base 12) in base 2?
10110100011110010
What is -13213030 (base 5) in base 12?
-64661
1bc2b (base 13) to base 7
315514
Convert 926211 (base 11) to base 9.
2715671
202332322 (base 4) to base 6
3023214
Convert -524812 (base 12) to base 5.
-312344320
What is 1aab81 (base 12) in base 10?
475153
48e37 (base 15) to base 14
60b38
What is 155227 (base 9) in base 5?
11030221
What is -ac8bc (base 15) in base 10?
-548727
Convert 474337 (base 8) to base 15.
33010
Convert 145d3 (base 15) to base 3.
10022210000
What is ca3c0 (base 14) in base 2?
1110111011011100100
5461e (base 15) to base 6
5424432
-aa2b53 (base 12) to base 14
-504371
Convert 56251003 (base 7) to base 14.
90a8aa
-422870 (base 9) to base 7
-2065125
-3652620 (base 8) to base 6
-33312304
Convert 1073e4 (base 16) to base 14.
200d36
-11bcd (base 16) to base 2
-10001101111001101
Convert 2023312333 (base 4) to base 16.
8bdbf
Convert -2023640 (base 10) to base 15.
-29e8e5
-1364644 (base 8) to base 14
-a1300
50a17a (base 14) to base 16
2974c0
-10224817 (base 9) to base 2
-10010110000101000001001
What is 10000010101000011001001 (base 2) in base 4?
100111003021
155520 (base 9) to base 14
26d58
Convert -10012001212021 (base 3) to base 9.
-3161767
-8a9d05 (base 15) to base 11
-3808682
Convert 23111021301 (base 4) to base 6.
143355013
54230 (base 11) to base 14
20a0c
What is 20304532 (base 6) in base 7?
4652252
Convert -71290a (base 13) to base 12.
-a70055
-1340010101 (base 6) to base 4
-331330100311
7ea9c (base 15) to base 7
3301623
-1002300 (base 4) to base 2
-1000010110000
-f779 (base 16) to base 6
-1205145
What is 20030402 (base 5) in base 4?
212220103
What is 151100415 (base 6) in base 3?
12220012212202
202210120223 (base 4) to base 9
18041562
Convert -19451 (base 16) to base 14.
-29a13
Convert 30a98 (base 16) to base 9.
333366
Convert 66112a (base 11) to base 13.
2ac64a
Convert 11000010100010111000 (base 2) to base 4.
3002202320
-5114464 (base 7) to base 5
-123442232
What is 34d1 (base 15) in base 8?
25725
What is 123131230 (base 4) in base 7?
645652
-223200103111 (base 4) to base 15
-10041a1
What is 2630642 (base 7) in base 13?
c056c
Convert 1435241 (base 8) to base 7.
3320106
Convert -1705dc (base 14) to base 12.
-32b65a
acc72 (base 16) to base 11
443782
21120110022 (base 3) to base 15
2e268
-96d91c (base 15) to base 16
-6d9eb4
-114604312 (base 7) to base 15
-966d0a
What is 1653b06 (base 12) in base 10?
4589430
Convert -464652 (base 10) to base 6.
-13543100
What is -25aa11 (base 12) in base 9?
-1144524
Convert -2d44b (base 14) to base 2.
-11011101011001011
-6167 (base 9) to base 3
-20012021
1120040 (base 5) to base 8
47064
-271415 (base 10) to base 5
-32141130
20211021110 (base 3) to base 16
20cc1
222132013 (base 4) to base 9
284557
Convert 215053400 (base 6) to base 2.
1110110011001100101000
What is 16e303 (base 15) in base 14?
20cc8d
Convert -12246505 (base 7) to base 15.
-16c347
Convert 4046502 (base 7) to base 16.
75cc9
1011111122 (base 3) to base 10
22967
What is -103a81 (base 11) in base 2?
-101000100111000111
11552057 (base 8) to base 4
21231100233
600361 (base 7) to base 4
120222220
14230441 (base 5) to base 13
529b8
What is 101101001110110101 (base 2) in base 3?
100102010211
What is 23104710 (base 8) in base 12?
181a948
Convert -66584 (base 9) to base 6.
-540421
Convert -1022121221102 (base 3) to base 12.
-29999b
-28b2a (base 15) to base 14
-35925
What is 1241317 (base 8) in base 13?
c0c1a
What is -211427 (base 10) in base 12?
-a242b
-125253410 (base 6) to base 3
-11200210022120
230223420 (base 5) to base 15
15345a
Convert -10000102111201 (base 3) to base 5.
-402241322
75575 (base 11) to base 10
109829
What is -10503223 (base 6) in base 4?
-1032000333
17314 (base 14) to base 11
3a827
What is -a1340 (base 11) in base 7?
-1154630
What is -1dc7dd (base 14) in base 2?
-100000101101001101111
7742754 (base 10) to base 2
11101100010010100100010
Convert -100000010110110010 (base 2) to base 13.
-48428
What is -25395 (base 11) in base 9?
-54838
20300332103 (base 4) to base 13
625b1a
Convert -34b81 (base 12) to base 7.
-413263
What is 1468784 (base 9) in base 13?
226363
What is -1007066 (base 8) in base 12?
-109986
121424 (base 8) to base 16
a314
What is -1fb6e3 (base 16) in base 5?
-1013002220
132311221 (base 4) to base 15
2765d
-49751 (base 11) to base 9
-118004
Convert 8d6674 (base 16) to base 3.
122102210122222
Convert -94915 (base 10) to base 16.
-172c3
What is -10011111000000000111010 (base 2) in base 15?
-6cdb4a
What is 34a082 (base 11) in base 10?
555117
Convert 100012200220010 (base 3) to base 6.
252530433
-22323030003 (base 4) to base 3
-12101111111110
-63b4 (base 15) to base 13
-97a8
What is -84965 (base 11) in base 8?
-361334
Convert -178043 (base 13) to base 9.
-1086668
What is -1131802 (base 10) in base 15?
-175537
-2874b (base 14) to base 11
-69332
-27216 (base 13) to base 5
-4312413
544a3 (base 15) to base 2
1000001010110011110
-30331110 (base 4) to base 9
-80723
What is 100111110110001100000 (base 2) in base 5?
313240241
Convert 10101101101101001 (base 2) to base 7.
520202
1a4d4b (base 16) to base 14
32c271
What is -137e8f (base 16) in base 14?
-25383d
140146 (base 7) to base 8
63576
Convert 13d6c (base 14) to base 5.
3034132
What is -56d5e (base 16) in base 9?
-601807
Convert 5db7a (base 14) to base 9.
380463
Convert -6043a6 (base 12) to base 9.
-2736220
-10010001101220 (base 3) to base 10
-1654395
Convert -75275 (base 12) to base 6.
-3145425
1bba0b (base 12) to base 11
30a770
What is 188035 (base 9) in base 16?
1ca99
120130220 (base 4) to base 10
100136
Convert -47832a2 (base 11) to base 12.
-295b658
-31642 (base 8) to base 4
-3032202
27475387 (base 9) to base 16
cf1813
5211550 (base 6) to base 8
751272
Convert -1000011001100011111 (base 2) to base 13.
-98378
What is -11001101010010011000 (base 2) in base 16?
-cd498
What is -178ca3 (base 14) in base 11?
-518531
Convert 206484 (base 11) to base 4.
1100232220
What is -11111110110